
-23242
In base 11, what is -123092 + 0?
-123092
In base 4, what is 1 + -3020231?
-3020230
In base 10, what is 7 - 265693?
-265686
In base 7, what is 102 + 242?
344
In base 16, what is -2536 - 9?
-253f
In base 4, what is 221212201002 - -11?
221212201013
In base 7, what is -11 + -22232?
-22243
In base 4, what is -10022 + -311?
-10333
In base 8, what is 45 + 30572?
30637
In base 15, what is -12 - 13dd9?
-13deb
In base 3, what is 2100221102 + -21210?
2100122122
In base 2, what is 11101101101110100 + -1?
11101101101110011
In base 16, what is 227 + -31?
1f6
In base 4, what is -12330 + -1103?
-20033
In base 4, what is 1210232102 + 2?
1210232110
In base 16, what is 9a - -daf?
e49
In base 15, what is 2bdb - 37?
2ba4
In base 9, what is 3 + -152583?
-152580
In base 5, what is 111 + -20133?
-20022
In base 14, what is -43d + -5a?
-499
In base 5, what is 144102 - 4?
144043
In base 4, what is 21113212 + -2?
21113210
In base 11, what is 1720 - -194?
1904
In base 4, what is 33 + -1110233?
-1110200
In base 9, what is -46 + -12484?
-12541
In base 12, what is 1834 - -9?
1841
In base 8, what is 3052 + 3504?
6556
In base 13, what is 931a28 - 5?
931a23
In base 7, what is -15606 - 6?
-15615
In base 9, what is -14145 + -5?
-14151
In base 9, what is -5581008 + -5?
-5581014
In base 6, what is 0 - 1125111?
-1125111
In base 3, what is -1 + -110022010?
-110022011
In base 14, what is 3 + 26859?
2685c
In base 12, what is 2 + -93b3?
-93b1
In base 5, what is -212324 + 241?
-212033
In base 6, what is -102525 + 502?
-102023
In base 5, what is 1421 + 201?
2122
In base 15, what is -1d + -3810?
-382d
In base 12, what is 1102 + 15?
1117
In base 14, what is -24c1 - 5?
-24c6
In base 15, what is -111 + -17b?
-28c
In base 7, what is -3264466 + 5?
-3264461
In base 10, what is -2190 + 250?
-1940
In base 13, what is 1 + -c0c3?
-c0c2
In base 8, what is -220 + 1202?
762
In base 7, what is 1520 + 20?
1540
In base 13, what is 0 - -135c4?
135c4
In base 4, what is 10 - -11231231?
11231301
In base 14, what is -13644 - -5?
-1363d
In base 6, what is -15333 - -14?
-15315
In base 3, what is 11210 - 20001?
-1021
In base 14, what is 1dc68 - 28?
1dc40
In base 5, what is 0 + -10011114?
-10011114
In base 13, what is 25 + 3352?
3377
In base 14, what is 16a04 + -a?
169d8
In base 14, what is -405a8 + -a?
-405b4
In base 3, what is -2020 + -21220201?
-21222221
In base 15, what is 151 - -14?
165
In base 2, what is -100001110101 - 110?
-100001111011
In base 13, what is 1a80b + -2?
1a809
In base 7, what is -6 + 160260?
160251
In base 6, what is -1124 - 331?
-1455
In base 16, what is b4 - -99f?
a53
In base 10, what is -4 + -999834?
-999838
In base 11, what is -3 + 732070?
732068
In base 13, what is 9b9352 + -1?
9b9351
In base 2, what is -11000110 - -11111010100?
11100001110
In base 13, what is -1024 + -121?
-1145
In base 7, what is 51451 + 0?
51451
In base 3, what is 12120100020 + 0?
12120100020
In base 6, what is 10 - -20320?
20330
In base 10, what is -10290 + 12?
-10278
In base 3, what is -2100120 + -21002?
-2121122
In base 6, what is -12013 + -314?
-12331
In base 2, what is 1 - 1011100110011111?
-1011100110011110
In base 12, what is -23 + -100?
-123
In base 6, what is -3 + 404241?
404234
In base 8, what is 4 + -440120?
-440114
In base 4, what is 100 - -120023?
120123
In base 11, what is -381 - -439?
68
In base 2, what is -1 - 1111111010100011?
-1111111010100100
In base 4, what is -13032233 + -1200?
-13100033
In base 8, what is 756 + -10?
746
In base 5, what is 2242441 - -1?
2242442
In base 9, what is 0 + -67432?
-67432
In base 16, what is a + -d283?
-d279
In base 15, what is -18a - 15d?
-2e8
In base 14, what is -5c71 - -3?
-5c6c
In base 11, what is 11517 - aa?
11418
In base 5, what is -1133 - 433?
-2121
In base 5, what is 103 - -230140?
230243
In base 16, what is -44b5 - -2f?
-4486
In base 4, what is -31310010 + 1?
-31310003
In base 16, what is -5 - 1a25?
-1a2a
In base 5, what is -3244 + 3?
-3241
In base 8, what is -20 + 277653?
277633
In base 14, what is -9a6 - 14?
-9ba
In base 11, what is 771 - -6a?
830
In base 8, what is 46707162 + -4?
46707156
In base 8, what is 4 + 1465007?
1465013
In base 12, what is -1 + 2171?
2170
In base 10, what is -20053 - -6?
-20047
In base 9, what is -10 - 122308?
-122318
In base 11, what is -490 - -978?
498
In base 3, what is -12011012221 + -10110?
-12011100101
In base 2, what is -1011111 + 100001010100010?
100001001000011
In base 5, what is 111410 - -4123?
121033
In base 13, what is 17 + -1503?
-14b9
In base 8, what is -4 + 116106?
116102
In base 2, what is -101000100000000001 + 0?
-101000100000000001
In base 6, what is -110225 - -5?
-110220
In base 4, what is 112 - 12222313?
-12222201
In base 7, what is 5213360 - 3?
5213354
In base 5, what is 242424 - 10?
242414
In base 15, what is -1de + b63?
974
In base 12, what is 31a67 - -3?
31a6a
In base 15, what is -559 + d?
-54b
In base 7, what is 3 - 204544?
-204541
In base 12, what is -9b40b + 32?
-9b399
In base 13, what is -121c - -63a?
-8b2
In base 7, what is 350 + -25355?
-25005
In base 3, what is 2012222002121 + 12?
2012222002210
In base 8, what is 10272436 - 1?
10272435
In base 7, what is -141414 - 313?
-142030
In base 4, what is -12 - 3021303?
-3021321
In base 2, what is -100 - 1001010110010101?
-1001010110011001
In base 2, what is 10000011010101000 + -101001?
10000011001111111
In base 12, what is -7 + -121249?
-121254
In base 8, what is 545266 - -6?
545274
In base 13, what is -7011 - -3?
-700b
In base 12, what is -2 + 114398?
114396
In base 14, what is -614c8 - -3?
-614c5
In base 15, what is -20 + -811?
-831
In base 4, what is 20321202320 + -11?
20321202303
In base 13, what is 93275 - -2?
93277
In base 14, what is -1786 + -159?
-1901
In base 2, what is 0 + 111011011101010?
111011011101010
In base 7, what is 432644 + 5?
432652
In base 2, what is -101 - -110000110?
110000001
In base 7, what is 1403 - 313?
1060
In base 14, what is bd77 - -1a?
bd93
In base 3, what is 1210200 - -21?
1210221
In base 9, what is -16 - -426401?
426374
In base 16, what is 1 - -c0f37?
c0f38
In base 7, what is 56 - 11202?
-11113
In base 11, what is -8 + 21a8?
21a0
In base 12, what is 92 + -323a?
-3168
In base 10, what is -1222 - -3459?
2237
In base 2, what is 10 - -101010101100?
101010101110
In base 13, what is -1 - 562a9?
-562aa
In base 4, what is 3 - 100221201?
-100221132
In base 14, what is -87 + -227?
-2b0
In base 14, what is -2 - c51a?
-c51c
In base 7, what is 2212 + 3556?
6101
In base 9, what is 280800 + 0?
280800
In base 7, what is -360 + 103?
-254
In base 14, what is -2 + -957?
-959
In base 8, what is 460 + 1217?
1677
In base 12, what is 13996 - -2?
13998
In base 9, what is 155322 - -5?
155327
In base 5, what is 1030 + -10244?
-4214
In base 2, what is 0 - -11011100110010110?
11011100110010110
In base 3, what is -21022010012 + 2?
-21022010010
In base 2, what is 10100100111101100 + -100?
10100100111101000
In base 6, what is -5 + -4213?
-4222
In base 14, what is -171996 + 3?
-171993
In base 2, what is -111000010001001 - 111?
-111000010010000
In base 5, what is -11 + 430402?
430341
In base 10, what is 2944643 + 0?
2944643
In base 3, what is 11 - -11221001112?
11221001200
In base 13, what is -1398 + -1?
-1399
In base 13, what is 2b192b - -1?
2b192c
In base 16, what is 34 + 48a?
4be
In base 15, what is -2 - 229c4c?
-229c4e
In base 10, what is -71 - 491?
-562
In base 14, what is -1131 + -13b?
-126c
In base 3, what is -1101 + -1201210?
-1210011
In base 3, what is -112210 - -20122?
-22011
In base 11, what is -91563 - -10?
-91553
In base 10, what is 1180 + -18?
1162
In base 10, what is -31574 + -3?
-31577
In base 13, what is 535b - -3?
5361
In base 4, what is 2113000 + 1101?
2120101
In base 16, what is 23b4 - 0?
23b4
In base 13, what is 77c9 + 10a?
7906
In base 15, what is 3c + c1?
10d
In base 2, what is 101 - -10111100001001?
10111100001110
In base 8, what is 67506 - 55?
67431
In base 5, what is 104412 + -20?
104342
In base 4, what is -2301013 + -2?
-2301021
In base 11, what is -7 + 6957?
6950
In base 3, what is 2121100 + 1?
2121101
In base 9, what is -573 - 13600?
-14273
In base 5, what is -110 - 1404?
-2014
In base 12, what is 1175ba - 4?
1175b6
In base 13, what is -1 - 18499?
-1849a
In base 11, what is 11417 + 1?
11418
In base 14, what is 1 + 316?
31